[INFO] cloning repository https://github.com/hogum/got-ya-id
[INFO] running `Command { std: "git" "-c" "credential.helper=" "-c" "credential.helper=/workspace/cargo-home/bin/git-credential-null" "clone" "--bare" "https://github.com/hogum/got-ya-id" "/workspace/cache/git-repos/https%3A%2F%2Fgithub.com%2Fhogum%2Fgot-ya-id", kill_on_drop: false }`
[INFO] [stderr] Cloning into bare repository '/workspace/cache/git-repos/https%3A%2F%2Fgithub.com%2Fhogum%2Fgot-ya-id'...
[INFO] running `Command { std: "git" "rev-parse" "HEAD", kill_on_drop: false }`
[INFO] [stdout] d60152d9fdb9beaaba75fcd9d2ca71cbfa74bbee
[INFO] building hogum/got-ya-id against master#881c1ac408d93bb7adaa3a51dabab9266e82eee8 for issue-85264
[INFO] running `Command { std: "git" "clone" "/workspace/cache/git-repos/https%3A%2F%2Fgithub.com%2Fhogum%2Fgot-ya-id" "/workspace/builds/worker-6/source", kill_on_drop: false }`
[INFO] [stderr] Cloning into '/workspace/builds/worker-6/source'...
[INFO] [stderr] done.
[INFO] validating manifest of git repo https://github.com/hogum/got-ya-id on toolchain 881c1ac408d93bb7adaa3a51dabab9266e82eee8
[INFO] running `Command { std: "/workspace/cargo-home/bin/cargo" "+881c1ac408d93bb7adaa3a51dabab9266e82eee8" "metadata" "--manifest-path" "Cargo.toml" "--no-deps", kill_on_drop: false }`
[INFO] removed /workspace/builds/worker-6/source/rust-toolchain
[INFO] started tweaking git repo https://github.com/hogum/got-ya-id
[INFO] finished tweaking git repo https://github.com/hogum/got-ya-id
[INFO] tweaked toml for git repo https://github.com/hogum/got-ya-id written to /workspace/builds/worker-6/source/Cargo.toml
[INFO] crate git repo https://github.com/hogum/got-ya-id already has a lockfile, it will not be regenerated
[INFO] running `Command { std: "/workspace/cargo-home/bin/cargo" "+881c1ac408d93bb7adaa3a51dabab9266e82eee8" "fetch" "--manifest-path" "Cargo.toml", kill_on_drop: false }`
[INFO] [stderr]  Downloading crates ...
[INFO] [stderr]   Downloaded diesel_cli v1.4.1
[INFO] [stderr]   Downloaded actix-web-httpauth v0.4.1
[INFO] [stderr]   Downloaded actix-multipart v0.2.0
[INFO] [stderr]   Downloaded diesel_geometry v1.4.0
[INFO] [stderr]   Downloaded ctor v0.1.12
[INFO] [stderr]   Downloaded pyo3 v0.9.2
[INFO] [stderr]   Downloaded bcrypt v0.1.6
[INFO] [stderr]   Downloaded counter v0.4.3
[INFO] [stderr]   Downloaded validator v0.9.0
[INFO] [stderr]   Downloaded ignore v0.4.14
[INFO] [stderr]   Downloaded if_chain v1.0.0
[INFO] [stderr]   Downloaded validator_derive v0.9.0
[INFO] [stderr]   Downloaded pyo3-derive-backend v0.9.2
[INFO] [stderr]   Downloaded pyo3cls v0.9.2
[INFO] running `Command { std: "docker" "create" "-v" "/var/lib/crater-agent-workspace/builds/worker-6/target:/opt/rustwide/target:rw,Z" "-v" "/var/lib/crater-agent-workspace/builds/worker-6/source:/opt/rustwide/workdir:ro,Z" "-v" "/var/lib/crater-agent-workspace/cargo-home:/opt/rustwide/cargo-home:ro,Z" "-v" "/var/lib/crater-agent-workspace/rustup-home:/opt/rustwide/rustup-home:ro,Z" "-e" "SOURCE_DIR=/opt/rustwide/workdir" "-e" "CARGO_TARGET_DIR=/opt/rustwide/target" "-e" "CARGO_HOME=/opt/rustwide/cargo-home" "-e" "RUSTUP_HOME=/opt/rustwide/rustup-home" "-w" "/opt/rustwide/workdir" "-m" "1610612736" "--user" "0:0" "--network" "none" "ghcr.io/rust-lang/crates-build-env/linux@sha256:20528e8c29e4536546f0102ce88568b16ea7538393a33fcca951030f7af10457" "/opt/rustwide/cargo-home/bin/cargo" "+881c1ac408d93bb7adaa3a51dabab9266e82eee8" "metadata" "--no-deps" "--format-version=1", kill_on_drop: false }`
[INFO] [stdout] 2376ba38cd65da1bb05c508e616c154a8f43c1931f618f3eb62ce4351ba2718a
[INFO] [stderr] WARNING: Your kernel does not support swap limit capabilities or the cgroup is not mounted. Memory limited without swap.
[INFO] running `Command { std: "docker" "start" "-a" "2376ba38cd65da1bb05c508e616c154a8f43c1931f618f3eb62ce4351ba2718a", kill_on_drop: false }`
[INFO] running `Command { std: "docker" "inspect" "2376ba38cd65da1bb05c508e616c154a8f43c1931f618f3eb62ce4351ba2718a", kill_on_drop: false }`
[INFO] running `Command { std: "docker" "rm" "-f" "2376ba38cd65da1bb05c508e616c154a8f43c1931f618f3eb62ce4351ba2718a", kill_on_drop: false }`
[INFO] [stdout] 2376ba38cd65da1bb05c508e616c154a8f43c1931f618f3eb62ce4351ba2718a
[INFO] running `Command { std: "docker" "create" "-v" "/var/lib/crater-agent-workspace/builds/worker-6/target:/opt/rustwide/target:rw,Z" "-v" "/var/lib/crater-agent-workspace/builds/worker-6/source:/opt/rustwide/workdir:ro,Z" "-v" "/var/lib/crater-agent-workspace/cargo-home:/opt/rustwide/cargo-home:ro,Z" "-v" "/var/lib/crater-agent-workspace/rustup-home:/opt/rustwide/rustup-home:ro,Z" "-e" "SOURCE_DIR=/opt/rustwide/workdir" "-e" "CARGO_TARGET_DIR=/opt/rustwide/target" "-e" "CARGO_INCREMENTAL=0" "-e" "RUST_BACKTRACE=full" "-e" "RUSTFLAGS=--cap-lints=forbid" "-e" "CARGO_HOME=/opt/rustwide/cargo-home" "-e" "RUSTUP_HOME=/opt/rustwide/rustup-home" "-w" "/opt/rustwide/workdir" "-m" "1610612736" "--user" "0:0" "--network" "none" "ghcr.io/rust-lang/crates-build-env/linux@sha256:20528e8c29e4536546f0102ce88568b16ea7538393a33fcca951030f7af10457" "/opt/rustwide/cargo-home/bin/cargo" "+881c1ac408d93bb7adaa3a51dabab9266e82eee8" "build" "--frozen" "--message-format=json", kill_on_drop: false }`
[INFO] [stdout] 55f4b12b3479a2c99adbc937e188026d24ec3faa69bb4c3726f412f7db282b18
[INFO] [stderr] WARNING: Your kernel does not support swap limit capabilities or the cgroup is not mounted. Memory limited without swap.
[INFO] running `Command { std: "docker" "start" "-a" "55f4b12b3479a2c99adbc937e188026d24ec3faa69bb4c3726f412f7db282b18", kill_on_drop: false }`
[INFO] [stderr]    Compiling unicode-xid v0.2.0
[INFO] [stderr]    Compiling syn v1.0.54
[INFO] [stderr]    Compiling cfg-if v0.1.9
[INFO] [stderr]    Compiling memchr v2.2.1
[INFO] [stderr]    Compiling log v0.4.8
[INFO] [stderr]    Compiling cc v1.0.45
[INFO] [stderr]    Compiling fnv v1.0.6
[INFO] [stderr]    Compiling futures-core v0.3.8
[INFO] [stderr]    Compiling proc-macro-hack v0.5.19
[INFO] [stderr]    Compiling slab v0.4.2
[INFO] [stderr]    Compiling bytes v0.5.4
[INFO] [stderr]    Compiling futures-sink v0.3.8
[INFO] [stderr]    Compiling itoa v0.4.4
[INFO] [stderr]    Compiling bitflags v1.2.1
[INFO] [stderr]    Compiling arc-swap v0.4.2
[INFO] [stderr]    Compiling regex-syntax v0.6.17
[INFO] [stderr]    Compiling once_cell v1.5.2
[INFO] [stderr]    Compiling pin-utils v0.1.0
[INFO] [stderr]    Compiling proc-macro2 v0.4.30
[INFO] [stderr]    Compiling futures-io v0.3.8
[INFO] [stderr]    Compiling unicode-xid v0.1.0
[INFO] [stderr]    Compiling matches v0.1.8
[INFO] [stderr]    Compiling ryu v1.0.0
[INFO] [stderr]    Compiling syn v0.15.44
[INFO] [stderr]    Compiling pin-project-internal v0.4.27
[INFO] [stderr]    Compiling foreign-types-shared v0.1.1
[INFO] [stderr]    Compiling rustc-serialize v0.3.24
[INFO] [stderr]    Compiling scopeguard v1.0.0
[INFO] [stderr]    Compiling percent-encoding v2.1.0
[INFO] [stderr]    Compiling gimli v0.23.0
[INFO] [stderr]    Compiling adler v0.2.3
[INFO] [stderr]    Compiling failure_derive v0.1.5
[INFO] [stderr]    Compiling rustc-demangle v0.1.16
[INFO] [stderr]    Compiling object v0.22.0
[INFO] [stderr]    Compiling unicode-segmentation v1.6.0
[INFO] [stderr]    Compiling httparse v1.3.4
[INFO] [stderr]    Compiling either v1.5.3
[INFO] [stderr]    Compiling version_check v0.9.1
[INFO] [stderr]    Compiling crc32fast v1.2.0
[INFO] [stderr]    Compiling linked-hash-map v0.5.2
[INFO] [stderr]    Compiling version_check v0.1.5
[INFO] [stderr]    Compiling openssl-probe v0.1.2
[INFO] [stderr]    Compiling adler32 v1.0.4
[INFO] [stderr]    Compiling dtoa v0.4.4
[INFO] [stderr]    Compiling native-tls v0.2.3
[INFO] [stderr]    Compiling base64 v0.11.0
[INFO] [stderr]    Compiling maybe-uninit v2.0.0
[INFO] [stderr]    Compiling sha1 v0.6.0
[INFO] [stderr]    Compiling language-tags v0.2.2
[INFO] [stderr]    Compiling safemem v0.3.2
[INFO] [stderr]    Compiling ucd-trie v0.1.3
[INFO] [stderr]    Compiling percent-encoding v1.0.1
[INFO] [stderr]    Compiling try-lock v0.2.2
[INFO] [stderr]    Compiling maplit v1.0.2
[INFO] [stderr]    Compiling gcc v0.3.55
[INFO] [stderr]    Compiling unindent v0.1.5
[INFO] [stderr]    Compiling ascii_utils v0.9.3
[INFO] [stderr]    Compiling tower-service v0.3.0
[INFO] [stderr]    Compiling arrayref v0.3.6
[INFO] [stderr]    Compiling byte-tools v0.2.0
[INFO] [stderr]    Compiling deunicode v0.4.3
[INFO] [stderr]    Compiling unchecked-index v0.2.2
[INFO] [stderr]    Compiling fake-simd v0.1.2
[INFO] [stderr]    Compiling spin v0.5.2
[INFO] [stderr]    Compiling if_chain v1.0.0
[INFO] [stderr]    Compiling thread_local v1.0.1
[INFO] [stderr]    Compiling num-traits v0.2.8
[INFO] [stderr]    Compiling miniz_oxide v0.4.3
[INFO] [stderr]    Compiling mysqlclient-sys v0.2.4
[INFO] [stderr]    Compiling libsqlite3-sys v0.17.3
[INFO] [stderr]    Compiling unicode-normalization v0.1.9
[INFO] [stderr]    Compiling futures-channel v0.3.8
[INFO] [stderr]    Compiling unicode-bidi v0.3.4
[INFO] [stderr]    Compiling futures-task v0.3.8
[INFO] [stderr]    Compiling foreign-types v0.3.2
[INFO] [stderr]    Compiling lock_api v0.3.4
[INFO] [stderr]    Compiling http v0.2.1
[INFO] [stderr]    Compiling bytestring v0.1.5
[INFO] [stderr]    Compiling c2-chacha v0.2.2
[INFO] [stderr]    Compiling rand_core v0.3.1
[INFO] [stderr]    Compiling heck v0.3.1
[INFO] [stderr]    Compiling lru-cache v0.1.2
[INFO] [stdout] error[E0658]: trait bounds other than `Sized` on const fn parameters are unstable
[INFO] [stdout]    --> /opt/rustwide/cargo-home/registry/src/github.com-1ecc6299db9ec823/lock_api-0.3.4/src/mutex.rs:106:6
[INFO] [stdout]     |
[INFO] [stdout] 106 | impl<R: RawMutex, T> Mutex<R, T> {
[INFO] [stdout]     |      ^
[INFO] [stdout]     |
[INFO] [stdout]     = note: see issue #57563 <https://github.com/rust-lang/rust/issues/57563> for more information
[INFO] [stdout]     = help: add `#![feature(const_fn_trait_bound)]` to the crate attributes to enable
[INFO] [stdout] 
[INFO] [stdout] 
[INFO] [stderr]    Compiling miniz_oxide v0.3.6
[INFO] [stdout] error[E0658]: trait bounds other than `Sized` on const fn parameters are unstable
[INFO] [stdout]    --> /opt/rustwide/cargo-home/registry/src/github.com-1ecc6299db9ec823/lock_api-0.3.4/src/remutex.rs:162:6
[INFO] [stdout]     |
[INFO] [stdout] 162 | impl<R: RawMutex, G: GetThreadId, T> ReentrantMutex<R, G, T> {
[INFO] [stdout]     |      ^
[INFO] [stdout]     |
[INFO] [stdout]     = note: see issue #57563 <https://github.com/rust-lang/rust/issues/57563> for more information
[INFO] [stdout]     = help: add `#![feature(const_fn_trait_bound)]` to the crate attributes to enable
[INFO] [stdout] 
[INFO] [stdout] 
[INFO] [stdout] error[E0658]: trait bounds other than `Sized` on const fn parameters are unstable
[INFO] [stdout]    --> /opt/rustwide/cargo-home/registry/src/github.com-1ecc6299db9ec823/lock_api-0.3.4/src/remutex.rs:162:19
[INFO] [stdout]     |
[INFO] [stdout] 162 | impl<R: RawMutex, G: GetThreadId, T> ReentrantMutex<R, G, T> {
[INFO] [stdout]     |                   ^
[INFO] [stdout]     |
[INFO] [stdout]     = note: see issue #57563 <https://github.com/rust-lang/rust/issues/57563> for more information
[INFO] [stdout]     = help: add `#![feature(const_fn_trait_bound)]` to the crate attributes to enable
[INFO] [stdout] 
[INFO] [stdout] 
[INFO] [stdout] error[E0658]: trait bounds other than `Sized` on const fn parameters are unstable
[INFO] [stdout]    --> /opt/rustwide/cargo-home/registry/src/github.com-1ecc6299db9ec823/lock_api-0.3.4/src/rwlock.rs:271:6
[INFO] [stdout]     |
[INFO] [stdout] 271 | impl<R: RawRwLock, T> RwLock<R, T> {
[INFO] [stdout]     |      ^
[INFO] [stdout]     |
[INFO] [stdout]     = note: see issue #57563 <https://github.com/rust-lang/rust/issues/57563> for more information
[INFO] [stdout]     = help: add `#![feature(const_fn_trait_bound)]` to the crate attributes to enable
[INFO] [stdout] 
[INFO] [stdout] 
[INFO] [stdout] error: aborting due to 4 previous errors
[INFO] [stdout] 
[INFO] [stdout] 
[INFO] [stdout] For more information about this error, try `rustc --explain E0658`.
[INFO] [stdout] 
[INFO] [stderr]    Compiling pest v2.1.3
[INFO] [stderr] error: could not compile `lock_api`
[INFO] [stderr] 
[INFO] [stderr] To learn more, run the command again with --verbose.
[INFO] [stderr] warning: build failed, waiting for other jobs to finish...
[INFO] [stderr] error: build failed
[INFO] running `Command { std: "docker" "inspect" "55f4b12b3479a2c99adbc937e188026d24ec3faa69bb4c3726f412f7db282b18", kill_on_drop: false }`
[INFO] running `Command { std: "docker" "rm" "-f" "55f4b12b3479a2c99adbc937e188026d24ec3faa69bb4c3726f412f7db282b18", kill_on_drop: false }`
[INFO] [stdout] 55f4b12b3479a2c99adbc937e188026d24ec3faa69bb4c3726f412f7db282b18
